?
False
Suppose -5*c - 2 = 3, 3*u + 5*c = -38. Let y = u + -7. Does 4 divide ((-4)/8)/(1/y)?
False
Let z be ((-840)/45)/((-1)/(-9)). Let s = z + 304. Suppose s = 6*j - 2*j. Is 10 a factor of j?
False
Let q(r) = 4*r**2 - 23*r + 208. Is 27 a factor of q(15)?
False
Suppose -3*q - 2*q - 5*o = -600, 0 = -5*o + 15. Does 39 divide q?
True
Let r(q) = -q**2 + 4*q + 4. Let l be r(4). Suppose 2*s = -3*p + 83 + 12, 5*p - l*s = 129. Is p a multiple of 29?
True
Let l(k) = -5 + 9 + 2 - k + 10. Is 2 a factor of l(7)?
False
Let y(p) = 2*p**3 - 5*p**2 + 5*p - 2. Let h be y(3). Suppose -3*d = -h - 50. Suppose 2*w - 90 = -d. Is w a multiple of 14?
False
Let l = 138 - -54. Is l a multiple of 48?
True
Let g(x) = -7*x**3 + x**2 + 2*x. Let h(a) = 20*a**3 - 4*a**2 - 7*a - 1. Let i(v) = 17*g(v) + 6*h(v). Let w be i(8). Is (36/14)/(w/(-42)) a multiple of 9?
True
Let o be 2/(-3) + 23/3. Let g(y) = -838*y - 16 + 419*y + 423*y. Does 12 divide g(o)?
True
Does 13 divide (1*8)/(630/(-91) + 7)?
True
Suppose -186 = -5*w - 61. Let m be -13 - (-2)/(0 - -1). Let n = m + w. Is 7 a factor of n?
True
Let r(g) = -g**3 - 13*g**2 + 22*g - 6. Let c be r(-15). Suppose 0*z + z = c. Does 24 divide z?
False
Does 26 divide (-2242)/(-19) - (-10 + -2)?
True
Suppose 5*c = 5*d - 1095, 0*d - 3*c - 225 = -d. Let q = -73 + d. Does 27 divide q?
False
Let j(p) = 4*p**3 - 2*p**2 + 4*p - 4. Let s be j(2). Is 9 a factor of ((-48)/s)/(1/(-14))?
False
Let q(g) = 143*g**3 + g - 2. Let w be q(2). Suppose 6*z + 7*z = w. Is z a multiple of 8?
True
Let t(r) = -16*r + 1. Let b be t(-9). Does 5 divide 1/(5/b) - -2?
False
Suppose 409 = -6*f + 1225. Suppose -y - f = -5*y. Does 6 divide y?
False
Suppose -15*m - 50 = -17*m. Suppose -85 = -5*u - 5*q, -6*q + m = -q. Is u a multiple of 3?
True
Let b be (0/(-2))/(-4 + 3). Suppose 22*v - 25*v + 12 = b. Suppose 4*n + 4*z = 504, -v*z - 255 = -4*n + 233. Does 31 divide n?
True
Let u be (-3)/2*252/(-2). Let p = -106 + u. Suppose -5*b = -p + 18. Does 13 divide b?
True
Let s be ((-4)/3)/(2 + 16/(-6)). Suppose -5 = -s*x + 39. Is 12 a factor of x?
False
Let a(l) = 50*l**2 - 17*l + 138. Does 114 divide a(7)?
False
Let p(h) be the first derivative of 2*h**2 + 79*h - 15. Is p(0) a multiple of 43?
False
Suppose m - a + 11 = 2*m, -4*m + 23 = -3*a. Let s(k) = k**3 - 6*k**2 - 15*k. Is 8 a factor of s(m)?
True
Let t = 8425 + -4972. Is 111 a factor of t?
False
Let r(q) = 8*q - q - 8*q + 52. Is 9 a factor of r(14)?
False
Let c be -2 + 3 - (-10 - -8). Let d be c*(-1 + 19/3). Suppose 6*z = 4*z + d. Is z a multiple of 6?
False
Suppose 4*s - 2 = 5*c, -5*s + 4*c + 5 = -2. Suppose s*r = -4*f + 665, -f - f + 337 = -3*r. Is 8 a factor of f?
False
Let k = 207 - 32. Suppose -6*q = -k + 31. Is q a multiple of 12?
True
Suppose -5*n + 984 + 1716 = 0. Is 28 a factor of n?
False
Let f = -41 - -47. Let y(t) = -t**3 + 8*t**2 - 4*t - 8. Is 23 a factor of y(f)?
False
Let q(u) = 2*u + 19. Let g be -9 + 3/6*4. Is q(g) a multiple of 3?
False
Let u = 47 - 75. Let q = u - -156. Is q a multiple of 16?
True
Suppose 9*t - 5044 = -4*t. Does 43 divide t?
False
Let j = 20 - 18. Suppose -4 = -j*o + o. Suppose a + 3*m = 31 + 5, -o*m - 104 = -5*a. Is a a multiple of 12?
True
Let a = 32 + -25. Suppose -5*l - 50 = 2*t, 3*t - 20 = l + a. Let c = l - -50. Does 19 divide c?
True
Suppose 2*c + 5 = 5*r, -4*c + r + 16 = -1. Suppose c = s - 0. Suppose -8*v + 4*v = s*l - 244, 4*v = l - 68. Is 11 a factor of l?
False
Suppose 36 + 448 = 2*l. Does 11 divide l?
True
Let t(a) = 264*a - 778. Does 18 divide t(9)?
False
Is 11 a factor of (20 - -1)/(33/2761)?
False
Suppose 5*z - 17 = -2. Suppose -3*k + 3*j = -24, -z*k - 5*j - 1 - 7 = 0. Does 4 divide k?
True
Suppose -2*u = 4*c - 40, c - 6*c - 38 = -3*u. Does 18 divide u/(-16)*(-35 - 1)?
True
Suppose -4*f - 1152 = -f. Let d = -250 - f. Let p = -72 + d. Is p a multiple of 22?
False
Let l(f) = -7 - 4*f**2 - 2 - 2 - 19*f + 2*f**2. Is l(-8) a multiple of 7?
False
Suppose 5*q - 1590 = -5*x, q - 164 - 160 = -3*x. Is 15 a factor of q?
True
Let x = 306 + -119. Is 17 a factor of x?
True
Let b = 1589 - 1059. Is 3 a factor of b?
False
Let f = -14 + 79. Let s = f - 12. Does 3 divide s?
False
Let p(n) = -1 + 4*n - 6*n - 2*n + n**2 + 7*n. Let m be p(-3). Is 25 a factor of -2*m/(-4)*-222?
False
Let g = 1 - 7. Let b be (-30)/g - (3 - 1). Suppose -3*k = -30 + b. Is k even?
False
Let s = -8 + 13. Let b(k) = -4*k + 1 + 1 - s. Is 3 a factor of b(-3)?
True
Let j(v) = -v**3 - 13*v**2 + 22*v + 34. Is j(-16) a multiple of 30?
True
Let m = 15 - 10. Suppose -4*o = -m*o + 2. Suppose 6*c - 80 = -2*s + 2*c, o*s = -3*c + 75. Does 10 divide s?
True
Suppose -19 = -4*s + 5. Suppose s = -2*n - 4, 5*x = -4*n + 25. Suppose -a + x = -9. Is a a multiple of 18?
True
Let t(x) be the second derivative of -x**4/12 + 3*x**3/2 - 3*x**2/2 + 3*x. Suppose 3*k - 5*w = 49, 0*w + 7 = -k - 3*w. Is 2 a factor of t(k)?
False
Is 28 a factor of 2*-2 - 15/((-135)/10872)?
True
Is (2 - -197)*(14 + 30/(-6)) a multiple of 31?
False
Let d = 437 - 168. Suppose 13*x - 12*x = d. Suppose 0*p + 2*p - 236 = -4*l, -5*l + x = -4*p. Does 14 divide l?
False
Suppose -g = 3*g - 16. Suppose -o - c = -38, g*o - c = -0*o + 152. Is o a multiple of 5?
False
Suppose -3*z + 2*z + 2623 = -3*p, 0 = 5*p + 20. Does 16 divide z?
False
Let v(c) = 2*c**2 - 2*c - 2. Suppose 11 = -s + 5. Let i = 2 + s. Is v(i) a multiple of 11?
False
Let p be 70/(-20)*(-8)/14. Suppose -p*f = f - b - 7, 2*f - 4*b = -12. Is f even?
True
Let h(i) = -45*i + 577. Is 88 a factor of h(5)?
True
Does 23 divide (2/4)/(-14 + (-56145)/(-4010))?
False
Suppose 0 = d, -4*m + 0*d + 4*d - 184 = 0. Let x = -10 - m. Let i = 52 - x. Is i a multiple of 8?
True
Let f(y) = -y**3 + y**2 - 1. Let z(a) = -6*a**2 + 4*a + 3. Let i(x) = f(x) - z(x). Does 2 divide i(6)?
True
Suppose -4*v - j + 386 = 0, -j - 478 = 2*v - 7*v. Suppose v = 3*g - g. Is 8 a factor of g?
True
Let c be (-1)/(4/(1 + 3)). Let g = c + 4. Suppose 0 = -3*f - 5*v + 47, g*f - v - 97 = 4*v. Is f a multiple of 12?
True
Let g = -295 + 405. Is g a multiple of 9?
False
Suppose -796 = 2*a - 6*a. Let i = a + -98. Does 13 divide i?
False
Suppose -k + 24 = -2*k. Let c be (-7)/(-1 + k/(-20)). Let b = c - -55. Is b a multiple of 10?
True
Suppose 50*h + 168 = 53*h. Is h a multiple of 4?
True
Suppose 0 = 384*c - 387*c + 1995. Is 5 a factor of c?
True
Let m(q) = 2*q**3 - 9*q**2 - 41*q - 2. Is m(10) a multiple of 16?
True
Let w(z) = z**2 + 5*z - 9. Let u be w(-7). Suppose -a + u = 1. Suppose 4 = 2*h - 3*m, a*m = 3*h - 11 + 3. Is 4 a factor of h?
True
Let m be -4 - 7/((-28)/32). Suppose -58 = -t - 3*z, m*z = -5*t + 2*z + 290. Does 22 divide t?
False
Suppose b - 5*h + 197 = 67, -5*h = 10. Let g be (15/(-4))/(7/b). Suppose -6*r = 3*q - 2*r - g, -2*q + 5*r = -27. Is 7 a factor of q?
True
Let b(j) = j**2 + 15*j + 266. Is b(-38) a multiple of 30?
True
Let q(p) = -p**3 + 12*p**2 - 9*p - 4. Suppose -18 = 2*k - 40. Is q(k) a multiple of 6?
True
Let x(w) = 11*w + 1. Let p(d) = 11*d + 2. Let o(i) = 5*p(i) - 6*x(i). Suppose -3*r - 11 = 2*l, -16 = 2*l - 3*r + 1. Is o(l) a multiple of 21?
False
Suppose 284 = -3*t + 4*f, 0*t + 4*t - 2*f + 372 = 0. Let g = -66 - t. Is 7 a factor of g?
False
Is 1886 - (0 + 8 - (-5 - -8)) a multiple of 99?
True
Suppose 2*v - 690 = 1710. Is v/45*3/2 a multiple of 10?
True
Let z(u) be the second derivative of u**5/20 - 11*u**4/6 - 10*u**3/3 + 15*u**2 - 4*u. Is z(23) a multiple of 13?
False
Suppose -17*s + 26357 = -5552. Is s a multiple of 121?
False
Let o = -56 - -93. Let w = o - 9. Is w a multiple of 3?
False
Suppose -o = 2*o - 42. Suppose 2*c = -2*d + o, -3*d = -7*d + 3*c + 7. Is 28 a factor of (-992)/(-12) - d/6?
False
Suppose -5*n + 8*n - 4*m + 34 = 0, -2*n - 5*m = 15. Suppose -12 + 54 = 14*v. Is 7*(-4 + v)*n a multiple of 14?
True
Let u = -201 - -513. Does 6 divide u?
True
Let b be 1/((-1)/3) - -5. Suppose b*d = k + 270 - 1294, k = 4. Is 20 a factor of (6/(-5))/(12/d)?
False
Suppose 4*x = 4*l - 48, 0 = 3*l + 4*x - 26 - 38. Let p = 23 - l. Let r = p - -1. Is r a multiple of 5?
False
Suppose -5*u = -7*u + 32. Let c = 21 - u. Does 4 divide c?
False
Let z(p) = -p**2 - 4*p + 2. Suppose 3*i + 12 = -0*i. Let b be z(i). Suppose b*w = 3*w - 4*v - 45, -90 = -2*w - 3*v. Is 9 a factor of w?
True
Suppose -9592 = -79*d - 9*d. Is d a multiple of 5?
False
Let i(t